ed by 3?
0
Let w = -4 - -16. Let i = 2825 + -2732. Calculate the remainder when i is divided by w.
9
Let u(f) = -26*f**2 + 36*f + 70. Let c(r) = 5*r**2 - 7*r - 14. Let w(h) = 11*c(h) + 2*u(h). Calculate the remainder when w(6) is divided by 33.
31
Suppose 1824 = 3*i + 62*h - 59*h, 2*h = i - 623. Calculate the remainder when i is divided by 77.
74
Let l be (-1658)/(-9) + 2/(-9). Calculate the remainder when l/6 - (-12)/36 is divided by 12.
7
Let m(d) = -5*d - 71. Let n be m(-11). Suppose 0 = -2*j + 4*j - 34. Let l = n + j. What is the remainder when l is divided by 1?
0
Let v(w) be the first derivative of -w**3/3 - 8*w**2 + 7*w - 1. Let c be 6/(((-16)/10)/4). What is the remainder when 87 is divided by v(c)?
21
Let s = -719 - -720. Let q = 4 + -2. What is the remainder when q is divided by s?
0
Let b = 167 + -23. Suppose -3*j + b + 3 = 0. What is the remainder when j is divided by 13?
10
Let v = 341 + -137. Calculate the remainder when v is divided by 41.
40
Suppose 3*r + f - 7 = -2, -5*f + 15 = 5*r. Suppose 2*j - 53 = -4*n - r, 2*j - 3*n = 38. Suppose -82 + j = -5*z. What is the remainder when 47 is divided by z?
11
Let f be (46 + 5)*10/6. Let u = f - 50. What is the remainder when u is divided by 9?
8
Let p(v) = -42*v - 13. Calculate the remainder when p(-5) is divided by 22.
21
Let n(f) = 6*f. Suppose -2*i + 66 = -0*i + 4*o, -5*i + 120 = o. What is the remainder when i is divided by n(2)?
11
Let b(t) = t**3 + 6*t**2 - 7*t - 3. Let a(d) = -d**2 - 16*d - 35. What is the remainder when b(-5) is divided by a(-5)?
17
Suppose 4*y - 5*s - 110 = 0, 2*y - 2*s = -y + 86. What is the remainder when 66 is divided by y?
6
Let y(c) = c**3 - 2*c**2 - 35*c + 3. Suppose 0*j = -j + 1. Let o(x) = 8*x**2 - x. Calculate the remainder when o(j) is divided by y(7).
1
Let x(b) = -4*b. Suppose -2*s - 5*s = -9*s. Suppose 15*l = -s*l + 885. Calculate the remainder when l is divided by x(-4).
11
Let x be (-12)/(-4) - (-4)/(-2). Let i(l) = -l**3 + 8*l**2 - 6*l - 2. What is the remainder when i(5) is divided by (-50)/(x - 3) + -3?
21
Suppose -6*n = -2*n - 16. What is the remainder when 31/9 + -3 - (-41)/9 is divided by n?
1
Let q(s) = -s - 11. Let j be q(-7). Let z(v) = -2 - 5*v + 0 - 4. Calculate the remainder when 27 is divided by z(j).
13
Suppose 1 = 3*h + 4*r, -h + r + 11 = -3*r. Suppose h*l = 2*l + 99. Suppose -l = -2*j - 31. What is the remainder when j is divided by 12?
10
Let z(f) = -f**3 - 5*f**2 - 21*f - 116. What is the remainder when z(-6) is divided by 8?
6
Let h(o) = -28*o - 60. Calculate the remainder when h(-3) is divided by 16.
8
Let h = 396 + -387. Calculate the remainder when 40 is divided by h.
4
Let c = 18 + -3. Let h = -14 - -54. What is the remainder when h is divided by c?
10
Suppose 0 = 5*s - 2*g + 8, -3 = -3*s + 4*g - 5. Calculate the remainder when 207 is divided by -9 + 11 - (2 + s + -24).
25
Suppose 0*q + 50 = -5*q. Calculate the remainder when 74/10 - (-4)/q is divided by 4.
3
Suppose 2*r = -2*r + 244. Suppose s = -4*o + 149, 0 = 2*o - 3*s - 10 - r. Calculate the remainder when o is divided by 19/3*(-6)/(-8)*4.
18
Let j be (3 + 66/(-30))*50/(-4). Let o = j - -29. What is the remainder when 74 is divided by o?
17
Suppose -14*i = -9*i - 30. Suppose -3*l + 9 = -i*l. What is the remainder when 107 is divided by (-18)/(l*6/27)?
26
Suppose 55*r - 2577 - 2538 = 0. Let q = -14 - -30. What is the remainder when r is divided by q?
13
Let b(n) = -n**3 - 37. Let s be b(0). Let k be s/(-3) - 4/(-6). Let x = k + -2. What is the remainder when x is divided by 6?
5
What is the remainder when 162 is divided by 45/180 - 526/(-8)?
30
Suppose 92*q - 1913 = -73. Calculate the remainder when 58 is divided by q.
18
Let m be ((-7)/2 + 4)*0. Let v be (5 - 3 - -3) + -1. Suppose m*l - 44 = -v*l. What is the remainder when l is divided by 3?
2
Suppose -s - 8 = -16. Suppose -6*y - s = -14. Suppose 2 + 1 = k. Calculate the remainder when k is divided by y.
0
Suppose -2*s + 3*h = -6*s + 13, -2*s + 4*h - 10 = 0. Let r(u) = -u**3 + 7*u**2 - 6*u - 7. What is the remainder when (-49)/((s - 1) + -1) is divided by r(5)?
10
Let y = 2005 - 1351. Calculate the remainder when y is divided by 82.
80
Suppose -36*v + 1529 - 737 = 0. Calculate the remainder when 88 is divided by v.
0
Suppose -63 = -2*v + 79. Suppose 98 = u + 4*u + 2*g, 0 = u + g - 22. Calculate the remainder when v is divided by u.
17
Let s(z) = z**3 - 13*z**2 - 19*z + 24. What is the remainder when s(15) is divided by ((-18 - -1) + 1)/((-94)/282)?
45
Let t be (-32)/6*-39*2. Suppose 6*j - t = -7*j. What is the remainder when j is divided by -1 + (-1)/(-1) - -7?
4
What is the remainder when 114 - (4 + -1 + 4) is divided by 10?
7
Let n = 84 - -186. Calculate the remainder when n is divided by 34.
32
Suppose -4*o = -5*j - 11 + 15, 0 = -4*o + 16. What is the remainder when 615 is divided by j?
3
What is the remainder when 44 is divided by (-26)/(-104) + 1 + (-55)/(-4)?
14
Calculate the remainder when 40 is divided by 1*12/(-8)*(-17 + 7).
10
Let g(t) = -t**2 + 4*t + 2. Let r be g(4). Suppose r = 4*a - 6. Calculate the remainder when a is divided by 2.
0
Suppose -4*y = -0*y + 56. Let l = 18 + y. What is the remainder when (-16)/(-2) - (1 - l) is divided by 4?
3
Let g be (5/(-2))/(1/(-2)). Suppose -g*r - 218 = -s - 56, s = r + 158. Let n = s + -105. What is the remainder when n is divided by 27?
25
Suppose -26*u + 22*u = -2*v - 88, -5*u = v - 124. Calculate the remainder when 134 is divided by u.
14
Suppose -329 = -3*i - 62. Calculate the remainder when i is divided by 21 - -11*18/(-66).
17
Let w(j) = 8*j**2 + 7*j - 1. Let g be w(2). Suppose -5*f + g = -0*f. Calculate the remainder when f is divided by 4.
1
Suppose 2*z = 5*k - 2006, -3*z = -6*k + 3*k + 1200. What is the remainder when k is divided by 13?
12
Let r = -15 + 15. Suppose r = -t - 2*d + 34, 0*d - 5*d - 10 = 0. What is the remainder when t is divided by 13?
12
Suppose -3*x - 16 = -4*u - 5*x, 0 = 4*u + x - 16. Suppose -5*c + 59 = r - u*r, 8 = 2*c + 4*r. What is the remainder when c is divided by 6?
4
Calculate the remainder when (((-165)/12)/11)/(3/(-84)) is divided by 28.
7
Let z(l) = l + 13. Let p = -27 - -21. What is the remainder when 7 is divided by z(p)?
0
Suppose 45 = -q + 4*q. Suppose -16*r - 56 = -18*r. Calculate the remainder when r is divided by q.
13
Let d(p) = p**3 - 7*p**2 - 9*p - 27. What is the remainder when d(10) is divided by 41?
19
Let c = 70 + -40. Suppose 6*h + 0*h - c = 0. Suppose 10 + h = 5*l. Calculate the remainder when 12 is divided by l.
0
Let q(z) = 2*z**2 - z - 32. Let m = -89 + 94. What is the remainder when 24 is divided by q(m)?
11
Suppose g + 276 = 5*g. Calculate the remainder when (1 - 0)*(g - -3)/4 is divided by 11.
7
Let o(y) be the second derivative of -y**4/6 - 29*y**3/3 - 20*y**2 + 31*y. What is the remainder when 61 is divided by o(-28)?
13
Let d(h) = -h**2 - 13*h - 15. Let s be d(-13). Let r = s + 38. Calculate the remainder when 45 is divided by r.
22
Let s(j) = 3*j**2 + 8*j + 2. Let g be 80/(-15) + (-2)/3. Let u(d) = -d**2 + 47*d - 375. What is the remainder when s(g) is divided by u(36)?
20
Let t(p) = -14*p - 32. Calculate the remainder when 265 is divided by t(-5).
37
Let q = 597 + -581. Let l(m) = 4*m + 13. What is the remainder when l(4) is divided by q?
13
Let o(t) = -431 + 0*t + 449 + 0*t - t. Calculate the remainder when o(0) is divided by 4 - 1*(1 - 0).
0
Suppose 10*t - 56 = -6. Calculate the remainder when 16 is divided by t.
1
Let q(p) = 2*p**2 + 20*p + 8. Suppose 595 = 4*b + b. Calculate the remainder when b is divided by q(-11).
29
Suppose -c + 32 = c. Let f be (-3 + 111/15)*5. Suppose -f - 15 = -4*x - r, -26 = -2*x + 2*r. Calculate the remainder when c is divided by x.
6
Let g(w) = -w + 22. Calculate the remainder when 320 is divided by g(8).
12
Suppose 2*z = 6*z + 3*c - 21, 5*z - 3*c - 6 = 0. Let b be (2/3)/(z/27). Suppose -a + 21 = -b. Calculate the remainder when 80 is divided by a.
26
Let z(o) = -18*o - 111. What is the remainder when z(-11) is divided by 19?
11
Let s = -18 + 41. Let t = 160 - 72. Calculate the remainder when t is divided by s.
19
Let h be 43/6 - 3/18. Suppose 0 = 12*m - h*m. Suppose -3*s - 2*p + 25 = m, -4*s + 5*p = -2*s - 42. What is the remainder when s is divided by 7?
4
Let d(s) b